 u = 78 - 75. What is the greatest common divisor of u and 2?
1
Suppose 25*n = 26*n - 252. Calculate the greatest common divisor of n and 36.
36
Let y be ((-63)/(-6))/(15/20). Calculate the greatest common factor of 14 and y.
14
Let c(g) = 2*g + 34. Let x be c(-12). What is the highest common divisor of 5 and x?
5
Let n(k) = 4*k**2. Let s be n(4). Let b = -44 + s. Let d(c) = -c**3 - 27*c**2 - 5*c + 25. Let p be d(-27). What is the greatest common divisor of p and b?
20
Let b = 8 - 1. Suppose 0 = -o + b*t - 3*t + 7, 0 = -3*o + 4*t + 13. Calculate the highest common divisor of 1 and o.
1
Let p be 1*(55 - 0/2). Let z(w) = -w**3 + 9*w**2 - 9*w - 7. Let t be z(8). Let c = t + 26. What is the greatest common factor of c and p?
11
Suppose 0 = -4*l + u + 13, -3*l + 3*u = 1 - 4. Let j be -2 + l + (13 - 0). Calculate the highest common divisor of j and 165.
15
Let d(p) = -p**2 - 5*p + 3. Let r be d(-5). Suppose -4*u + 27 = r*s, -u = -3*s + 2*s + 2. What is the greatest common factor of u and 3?
3
Let y = -3 - -9. Suppose 4*g - 7*g + 162 = 0. Calculate the greatest common factor of g and y.
6
Suppose 4*n = 25 + 11. Let v = -8 + 17. What is the highest common factor of n and v?
9
Let o = 241 + -169. Suppose -o = -4*n + 88. What is the highest common factor of 5 and n?
5
Let c = 20 - 12. What is the greatest common divisor of c and 4?
4
Let x(g) = g**2 - 2 - 1 + 2 + 3*g - 3. Let m be x(-4). Suppose d + t - 7 = m, -d - 1 = 4*t - 5. Calculate the highest common divisor of 8 and d.
8
Let c be 4/6 - (-4)/12 - -4. Calculate the highest common divisor of c and 10.
5
Suppose 21 = 2*c - 3*o, 6*c - 2*c = -5*o + 53. Suppose 0*d - 2*d + 96 = 0. What is the highest common divisor of d and c?
12
Let b = 1 + -9. Let q be 2/1 - (0 + b). Calculate the greatest common factor of q and 10.
10
Let h be 1/(3/(-4))*-18. Let q be 1*(-1)/((-2)/h). Suppose -2*f - s + 51 = -6, -q = -f + 5*s. Calculate the highest common factor of f and 9.
9
Let c(b) = 9*b + 7. Let w be c(1). What is the highest common divisor of 128 and w?
16
Suppose q + 0*q - 5 = 0, 3*p - 15 = 3*q. Calculate the greatest common divisor of p and 2.
2
Suppose 5*n + c - 156 = 0, 5*n - 4*c - 176 = -0*c. What is the highest common divisor of n and 8?
8
Suppose o + 3*o - 132 = 0. Calculate the highest common divisor of o and 3.
3
Let h = -6 - -6. Suppose 2*u - 36 - 12 = h. Calculate the greatest common factor of 16 and u.
8
Suppose 5*p = 2*r - 40, -3*r + 4*p + 66 = 2*r. Let d(j) = -5*j - 10. Let n be d(-8). What is the highest common factor of n and r?
10
Let a(t) = -15 - 4*t**2 + 7*t + 3*t**2 + 2*t + 7. Let k be a(7). Let c be (-13)/(1 - 2) - 1. What is the highest common divisor of k and c?
6
Let k(z) = z**2 - 7*z + 4. Let d be k(7). Suppose 2*b - d = -0*b. What is the greatest common factor of b and 3?
1
Let x be 4/24 + (-34)/(-12). What is the highest common factor of x and 1?
1
Let z(l) = -131*l**3 + 2*l**2 + l. Let w be z(-1). Calculate the highest common divisor of 12 and w.
12
Let a(n) = 2*n**2 + 10*n + 8. Let w be a(-7). Calculate the highest common factor of 24 and w.
12
Suppose -n + 19 = 2*x, -3*x - x = -4*n - 44. Suppose -2*f = -0*f - x. Suppose f = z + 4. Calculate the highest common divisor of 2 and z.
1
Let p(m) = m**2 - 4*m + 5. Let n be p(5). Let h be n/(-45) - (-122)/(-18). Let j = h - -117. What is the greatest common divisor of 10 and j?
10
Suppose -y + 32 = 3*y. Let g = 169 + -105. Suppose -7*s = -3*s - g. What is the greatest common factor of y and s?
8
Suppose -3*s + 6 = 0, 0*o + 4*o + 4*s = 20. Suppose -3*j + 45 = 2*x, -3*j + 51 = -o*x - 9. What is the highest common divisor of 136 and j?
17
Let l be 14/6 + 1/(-3). Let t be (-280)/50*(-10)/l. Calculate the greatest common factor of t and 7.
7
Let y(l) = -2*l**2 - 7*l. Let x be y(-5). Let t = -10 - x. What is the highest common factor of 5 and t?
5
Suppose g - 2*z - 6 = -3*g, 2*z - 26 = -4*g. Suppose -3*r + 7*r + 12 = 0, 2*r = -5*a + 14. Calculate the greatest common divisor of g and a.
4
Let b = 29 + -21. Let g = 14 - b. What is the greatest common factor of 3 and g?
3
Let n be 4/10 - (-1184)/40. What is the greatest common divisor of 12 and n?
6
Let g(t) = 2*t**2 - 9*t - 5. Suppose -42 = -4*z - 10. Let v be g(z). What is the highest common divisor of v and 34?
17
Let p be 1 - -2*2/2. Let k(y) = 7*y - 1. Let u be k(p). Suppose 0 = 3*q + 6, 0*t - 2*t + 3*q = -u. Calculate the highest common factor of 49 and t.
7
Suppose -5*m - 29 = -99. What is the highest common divisor of m and 126?
14
Let j(s) = -14*s - 70. Let z be j(-7). Calculate the greatest common divisor of z and 252.
28
Let u(h) = -h**2 + 6*h. Let m be u(4). Let c be (m - 4)*(-1 - -2). What is the highest common factor of 36 and c?
4
Let t(u) = u**3 + 4*u**2 + 2*u. Let r be t(-3). Let z(a) = -a**3 + 4*a**2 - 2. Let w be z(r). What is the greatest common divisor of 49 and w?
7
Let k(j) = j**3 + 16*j**2 + 14*j - 1. Let y be k(-13). What is the highest common divisor of y and 36?
36
Suppose -i + 25 = 4*i. Suppose 2*t - i = 1. Let z be 3 - 1/3*t. Calculate the highest common divisor of z and 2.
2
Let b = 4 - 10. Let r(z) = z**3 + 7*z**2 + 4*z + 3. Let k be r(b). Calculate the greatest common divisor of k and 3.
3
Let a = -7 - -11. Let o be 14 - 2/a*0. What is the highest common divisor of 35 and o?
7
Suppose 2*i = 4*i + z - 379, -5*i + 942 = -3*z. Calculate the greatest common divisor of i and 27.
27
Let b(l) = -8*l - 27. Let y be b(-6). Calculate the greatest common factor of y and 35.
7
Let y(v) = 2*v**2 - 8*v + 6. Let k be y(4). Calculate the greatest common divisor of k and 18.
6
Suppose 0 = -3*u + 30 + 18. What is the greatest common divisor of u and 176?
16
Suppose 248 + 75 = 4*j - o, 4*j = 4*o + 332. What is the highest common divisor of 48 and j?
16
Let g(z) = z**2 - 12*z + 16. Let y be g(11). Let w = 78 + -33. Calculate the greatest common divisor of w and y.
5
Let n(s) = -5*s - 4. Let c be n(-2). Suppose -c*g = -3*g - 3*w - 39, 62 = 5*g - 2*w. Calculate the greatest common factor of 84 and g.
12
Let g be 370*1/34 + (-2)/(-17). What is the greatest common divisor of g and 253?
11
Let j be (1/3 - 2)*(-24 - -9). Let f = 18 - 8. What is the highest common factor of j and f?
5
Suppose -2*v - 80 = 5*i + 98, -2*i - 68 = 4*v. Let x be 2/(-5) + i/(-15). Calculate the greatest common factor of 1 and x.
1
Let m be 3 + (2/2 - -2). Let q(j) = -j**3 + 10*j**2 - 8*j - 10. Let f be q(9). Let d be (-334)/(-8) + f/(-4). What is the highest common divisor of m and d?
6
Let o = 377 + -249. What is the highest common divisor of o and 16?
16
Let k be (-3)/(36/4)*21. Let y be (-292)/k + (-16)/(-56). Let r = 49 - 21. Calculate the highest common divisor of r and y.
14
Suppose -120 = 9*z - 13*z. What is the highest common divisor of z and 6?
6
Let f(s) = 2*s - 13. Let z be f(8). Calculate the greatest common factor of 24 and z.
3
Suppose 2*m - 32 = t, -3*m + 5*t = m - 52. Let p be m*(-8)/(-3)*1. Calculate the highest common divisor of p and 32.
16
Let f be (0 + -1 - 5)/(-1). Let o be (-268)/f*-3 - 1. Let a = 34 + -15. What is the highest common factor of o and a?
19
Let p = 13 - 8. Let f be (-17)/(-5) + (-2)/p. Suppose -12 = -g - f*g. Calculate the highest common factor of 24 and g.
3
Let o be (1 - -2)/(1/11). Calculate the highest common divisor of o and 3.
3
Let n be (-24 - -28) + -1 + 6. What is the greatest common divisor of n and 108?
9
Let o be (3 + -18)*2/(-6). Suppose -14 + 2 = 2*k. Let u be (-2)/12 - 211/k. Calculate the greatest common divisor of o and u.
5
Suppose 2 = c - 12. Calculate the highest common divisor of c and 14.
14
Let g(y) = -y + 4. Let l be g(-4). Let v(a) = a**2 - 7*a + 16. Let x be v(l). What is the highest common divisor of 12 and x?
12
Let y(m) = -m**3 + 8*m**2 + 15*m - 22. Let q be y(9). What is the highest common divisor of q and 40?
8
Let i(q) be the third derivative of -q**5/60 + 10*q**3/3 + 3*q**2. Let r be i(0). Calculate the highest common factor of 5 and r.
5
Let o be (4/6)/((-4)/(-66)). Let v be (-224)/(-6) - 4/(-6). Let c = v - 27. Calculate the greatest common factor of o and c.
11
Suppose -5*z + 2*z = w - 679, -4*z + 908 = 2*w. What is the highest common divisor of z and 25?
25
Let o(s) = s + 13. Let x be o(-6). Calculate the greatest common factor of 7 and x.